alse
Suppose 7 - 3 = s. Suppose -h - h = -s*j - 326, -484 = -3*h + j. Is h a prime number?
False
Let j = -213 - -656. Is j a prime number?
True
Suppose t - 2*r - 26 = 0, -t = -r - 36 + 5. Is (-1)/(1 - 2) + t prime?
True
Let b be ((0 - -2) + -1)*8. Suppose -3*v + 361 = -4*x, -v + 2*x + 129 - b = 0. Is v a prime number?
False
Suppose 5*o - 35 = 5*v, 4*o + 28 = -5*v + 2*o. Is (-1150)/v + 8/(-12) prime?
True
Let l = -4 + 3. Let h be (-1 - 0 - l) + 32. Let d = h + -17. Is d prime?
False
Suppose 0 = -4*y - 0*y + 48. Let t be (-9)/(1 - y/15). Let w = t - -64. Is w composite?
False
Let f = -1843 + 2588. Is f a composite number?
True
Let o = 17 + 2. Let q = o + 2. Is q composite?
True
Suppose 0 = -2*x - 4*x. Suppose x = -k - 2*p + 623, k + 8*p = 3*p + 638. Is k composite?
False
Let f(n) = 4*n**3 + 1. Let b be f(1). Suppose 2*l - b*l + 231 = 0. Is l a composite number?
True
Suppose -5*b - b = -2874. Is b a prime number?
True
Let n = 13 - 9. Let z be (-2)/n + (-33)/(-6). Suppose 4*w - 4*l = 22 + 26, w - z*l = 16. Is w a composite number?
False
Let a(q) = -q**2 + q - 60. Let b be a(0). Suppose 149 = 5*h + 3*f - 0*f, -3*h + 83 = 5*f. Let w = h - b. Is w a prime number?
False
Let a(m) = -m**3 - 18*m**2 - 23*m + 41. Is a(-21) prime?
True
Let h = -5 + 7. Suppose 0 = -z - h + 5. Suppose 2*q - 6*u = -3*u + 26, 0 = 3*q - z*u - 33. Is q a prime number?
True
Let z = -68 + 193. Suppose -4*h + 4*k = 292, 2*k = 4*h + 5*k + 285. Let t = h + z. Is t a prime number?
True
Let g be (-8)/(-36) - 184/18. Let s = g - -57. Is s a composite number?
False
Let m(p) = -3*p**3 - 13*p**2 + 7*p + 5. Let b(f) = 20*f + 7 - 38*f**2 + 2 + 6 - 8*f**3. Let x(w) = -4*b(w) + 11*m(w). Is x(8) prime?
False
Let t(n) = -n**3 + 2*n**2 - 2*n + 2. Let i = 0 - -2. Let h be t(i). Let m = 13 + h. Is m composite?
False
Let z be (178/4*-2)/1. Let m(f) = -32*f**3 + f**2 + f. Let j be m(2). Let s = z - j. Is s a composite number?
True
Suppose -3*h + 10 = 4. Let b be (1 + 0 - 2) + 3. Is b/6*294/h a prime number?
False
Suppose 20 = 8*y - 3*y. Suppose y*q = 3*a - 24, -q - 3*q - a - 24 = 0. Let v = q - -20. Is v composite?
True
Suppose -3*s + 5*g - 3*g - 26 = 0, -3*g + 9 = -2*s. Let h = 10 - s. Let v = h + -1. Is v prime?
False
Suppose 0 = 3*h - 5*z - 0*z - 1747, -4*z = 3*h - 1729. Is h composite?
True
Suppose 0 = 4*c - 907 + 143. Is c composite?
False
Suppose 5*g - 3165 = -5*c, -c = g + 2*g - 1895. Is g composite?
False
Let d(n) = 12*n**2 - 4*n - 3. Let q be d(-3). Suppose 3*t - q = 57. Suppose 0 = 5*r + 5*v - 270, r - 5*v + t = 2*r. Is r a composite number?
False
Suppose 8*d - 4*d - 3116 = 0. Is d prime?
False
Let a = 3262 - 1745. Is a prime?
False
Suppose 4*f = d - 5 - 3, -d = 2*f + 4. Let w(l) = -l**3 - l**2 + 8. Let j be w(d). Let x(p) = 9*p + 5. Is x(j) composite?
True
Suppose 121 = y - 65. Is y/(-4)*(-4)/6 prime?
True
Suppose k + 0*k = 293. Suppose -4*b + k = 4*j - 247, 2*j - 136 = -b. Is b a prime number?
False
Suppose 7 = 5*c - 18. Suppose 3*r - 404 = -c*x, 139 - 391 = -3*x - 5*r. Is x composite?
False
Suppose 7*j + 0*j = 11599. Is j a composite number?
False
Suppose 3*p + 183 = 4*p. Suppose -3*q = 5*z - p, -2*q - 4 = -q. Let c = z - 2. Is c a prime number?
True
Let g(j) = -2*j**3 + 4*j**2 + 13*j + 3. Is g(-4) a composite number?
True
Let z(k) = 4*k - 4. Let u be z(9). Suppose 2*j + u = 3*j. Suppose 2*n + 173 = 5*s, 3*s - 2*s - 3*n = j. Is s prime?
False
Suppose r = 0, -r = -2*o - 0*r - 12. Let t(j) = -j**3 - 6*j**2 - j - 6. Let a be t(o). Let z(g) = g + 23. Is z(a) a composite number?
False
Suppose -5*k - 34 = -2*w, 2*k - 28 = -w - k. Is w a prime number?
False
Suppose 4*n + 3*g = -0*g + 23, -3*g = -4*n + 41. Suppose -3*d + 4 = -n. Suppose -175 = -3*h - d*p, -h + 3*p + 145 = h. Is h a composite number?
True
Let o = 39 - 19. Let f = 17 + o. Is f composite?
False
Is (6/(-4))/((-6)/140) a prime number?
False
Let o(d) = 2*d**2 - d - 4. Is o(7) composite?
True
Is ((-4)/8)/((-2)/212) prime?
True
Suppose c + 134 = 3*c. Suppose -5*t + 4*b = -c, 2*b + 2*b + 23 = t. Is t a composite number?
False
Let v(r) = -r**3 + r**2 - r - 8. Let f be v(0). Let n(s) = 6*s**2 + 7*s + 11. Is n(f) prime?
False
Let i = 101 - 70. Is i prime?
True
Let h(o) = -o**3 + o + 69. Let g be h(0). Let k = 10 + g. Is k composite?
False
Is (-3222)/(-42) + (-4)/(-14) prime?
False
Suppose -4*x = -2*s - 5514, 0 = -2*x - x - 4*s + 4119. Suppose -287 = 4*k + x. Is k/(-5) + (-1)/5 composite?
False
Let f(l) = 109*l + 4. Is f(3) a prime number?
True
Let d(q) = 13*q**2 + 6*q - 8. Is d(3) a prime number?
True
Let f(b) = -87*b**2 + b - 3. Let r(l) = -84*l**2 + 6*l. Let k(u) = 83*u**2 - 7*u - 1. Let j(y) = 4*k(y) + 5*r(y). Let i(o) = -3*f(o) + 2*j(o). Is i(-1) prime?
False
Let u(h) = 4*h**2 - h + 2. Let w be u(-6). Suppose o = 5*g - 23, -3 = -3*o + 3. Suppose -y + 41 = -3*x + g*x, -4*y - 4*x = -w. Is y composite?
True
Let b = 15 - -64. Let z = -26 + b. Is z a prime number?
True
Let q be (4 - 6) + -200 - 3. Let d = q + 428. Is d prime?
True
Let w(n) = -301*n + 1. Let k be w(1). Is (-3)/1 - k/5 a prime number?
False
Suppose -2*n - 4*f = f - 13, -5*n - 2*f = -22. Suppose n*l = -2*l + 1122. Is l a prime number?
False
Suppose -2*r + 0*r + 310 = 0. Is (3/5)/(1/r) a prime number?
False
Let s = 3477 + -1258. Is s composite?
True
Suppose 2*k - 59 = -x + 50, 2*x = -3*k + 164. Suppose 5*i = 541 + k. Is i a composite number?
True
Suppose -4*w + 229 + 95 = 0. Suppose n + 2 = w. Is n a composite number?
False
Suppose 42793 + 72416 = 27*v. Is v a composite number?
True
Is ((-21)/(-12) + -3)*-44 a composite number?
True
Let n = 18 + -8. Suppose 6*j = j + n. Suppose p = 4, 2*p - 5*p + 122 = j*s. Is s prime?
False
Suppose 0 = -3*f - t + 8, 6*f - f = -2*t + 14. Suppose 0*p - 812 = -2*k - 2*p, 0 = -4*k + f*p + 1606. Is k prime?
False
Let r = -95 + 99. Suppose 0 = -3*c + h + 7, 2*c - 5*h = 3 + 6. Suppose -50 + 223 = 2*v + 3*l, r*l - 178 = -c*v. Is v a prime number?
True
Let t(v) = 624*v**3 - 3*v + 2. Is t(1) a prime number?
False
Let x(o) be the second derivative of 40*o**3/3 - 5*o**2/2 - 4*o. Let t(m) = 27*m - 2. Let r(v) = -8*t(v) + 3*x(v). Is r(1) a prime number?
False
Let q(k) = -18*k**3 + 2*k + 3. Let n(p) = -p**3 + 9*p**2 - 9*p + 6. Let h be n(8). Is q(h) a composite number?
True
Suppose -11*g - 3*g = -18410. Is g a prime number?
False
Suppose -3*u + 33 = -3*x, -u = -3*x - 14 - 3. Is (-2)/(7/((-4172)/u)) prime?
True
Suppose 6*d + 1146 = 8*d. Is d prime?
False
Let z be -326 - (-2)/(8/12). Let h = -192 - z. Is h a prime number?
True
Is (742/8)/((-1)/(-4)) a composite number?
True
Let i(y) = 428*y**2 + 2*y + 1. Suppose -4*h = -4*v + 8, -2*v - 1 = -3*h - 6. Is i(h) composite?
True
Let f = -7 - -10. Suppose 2*t - 5 = f. Suppose 3*h = -3*j + 909, 323 = -3*h + t*h - 4*j. Is h a composite number?
False
Let k(m) = m**3 - m - 2. Let t be k(0). Let a(w) = 5*w**2 + 4*w**2 + 2*w - 1 - 2*w**2. Is a(t) prime?
True
Suppose 3*z - c - 20 = 15, 3*c + 45 = 3*z. Suppose -296 = -4*y - 2000. Is y/(-5) + (-2)/z a composite number?
True
Let b be (1 - 3) + (3 - 3). Let u(y) = -3*y. Let v be u(b). Suppose -5*q = -3*n - 77, -n = v*q - q - 61. Is q a prime number?
True
Suppose -15 = -5*y + x + x, -2*y + 6 = 2*x. Suppose 2*i + y = 3*i. Suppose r + 3*h + 176 = 6*r, i*h - 120 = -3*r. Is r a composite number?
False
Is 1154 + -1 + 3 + 10/(-2) prime?
True
Suppose 3*v = 2401 + 500. Is v composite?
False
Suppose -16 = -5*d + 9. Let y(l) = 3*l + 4. Is y(d) a prime number?
True
Suppose 3*u + 14 = 2. Let d(h) = -h**2 + 3*h**2 + 6 + h + 3*h. Is d(u) composite?
True
Suppose 3*c + 15 = 6*c. Let v be (-18)/(-1)*(0/(-1) + -1). Let s = c - v. Is s composite?
False
Let x(o) = 5*o**2 + 8*o - 5. Let i be 6/(-5)*(2 - -3). Is x(i) composite?
False
Let j(d) = -2*d**2 - 3*d - 8. Let l be j(-6). Let t = -15 - l. Is t prime?
True
Let v be (-35436)/(-33) - 4/(-22). Suppose b = 4*j + 233, -5*b + v + 176 = -3*j. Is b/5 - 6/(-15) composite?
True
Is -22*(-2 + 75/(-6)) a prime number?
False
Let s = -3 + 32. Let x = 6 + s. Let l = 70 - x. Is l prime?
False
Suppose -n + 9 = 2*n. Let z(o) be the second derivative of o**5/20 + 5*o**4/12 - o**3/6 - o**2 + o. Is z(n) composite?
False
Let i(k) = 8 - 5*k - 3 - 1. Is i(-6) composite?
True
Suppose -4*k + 191 = -3*k. Is k a prime number?
True
Let l(m) = -144*m - 8. Let z(p) = -143